*g - 8. Determine x(y).
16
Suppose 0 = 15577*m - 15556*m - 42. Let r(y) = -2*y**2 - 16*y + 36. Calculate r(m).
-4
Let m(a) = 266*a + 1053. Let b be m(-4). Let u(j) = j**3 + 10*j**2 - 10*j - 6. What is u(b)?
-17
Let m(t) = -t + 85. Let v be m(12). Suppose -4*q - v + 77 = 0. Let g(i) = 10*i**3 - 1. Give g(q).
9
Let u(p) = 1847 + 4*p - 2*p - p - 1880. Let m(k) = k - 22. Let s(f) = 8*m(f) - 5*u(f). Calculate s(9).
16
Let b(i) be the third derivative of i**6/120 - i**5/30 - 5*i**4/24 - i**3/3 - 2694*i**2. Let m(h) = -h**3 - 2*h**2 - 2*h. Let s be m(-2). Determine b(s).
10
Suppose -567 = -30*r + 976 - 583. Let m(p) = -p**2 + 32*p + 13. Give m(r).
13
Let y(n) = 7*n**2 - 27*n + 4. Let p be y(4). Let j = p + 3. Let s(f) = j*f + 6*f - 9 - 18*f. Determine s(-7).
-2
Suppose 3*v + 0*d = -d, -v + 5*v = 3*d. Let z(f) = -f**3 + f + 70. Calculate z(v).
70
Let z(x) = x**3 + 8*x**2 - 16*x - 56. Let k be z(-9). Suppose -41 = -5*d - 3*c, k*c - 2*c = -4*d + 25. Let j(q) = 2*q - 5. Determine j(d).
15
Let m(t) be the third derivative of t**5/60 - 5*t**4/6 + 18*t**3 - 39*t**2 + 7. Determine m(12).
12
Let z(m) = -7*m**2 - 2*m - 38. Let b(u) = -3*u**2 - u - 17. Let s(d) = 9*b(d) - 4*z(d). Let l be 6/(-4) - (-2)/(-4). What is s(l)?
5
Let o(l) = -l**2 - l + 2. Let z(n) = -n**3 + 8*n**2 - 9*n - 20. Suppose 11*p - 24 = 7*p. Let d be z(p). Determine o(d).
0
Let q(p) be the first derivative of -p**3/3 - p**2/2 + 10*p + 4162. What is q(-4)?
-2
Suppose 4 = -11*u + 15. Let h be 0 - (4/(-1) - u). Let w(i) = i**2 - 4*i - 5. Determine w(h).
0
Let o(x) be the third derivative of -x**5/30 - x**4/8 + x**3/6 - x**2 + 76. Let u be o(-3). Let y(t) = -6*t + 7*t**2 + 7 - t + t**3 + 0*t. What is y(u)?
-1
Let r be (2/(-1))/(13/(-169)). Suppose -r*t + 10 = -21*t. Let x(w) = 6 + 7*w - t*w - 7. Calculate x(1).
4
Let f be 10 - 41/(2/2). Let h(a) = a**3 + 31*a**2 - a - 36. What is h(f)?
-5
Let i(h) be the second derivative of h**5/20 - h**4/2 + 39*h**2/2 + 3930*h. What is i(6)?
39
Let x(d) = 638*d**3 - 43*d**2 - 36*d + 36. Let p(h) = 89*h**3 - 6*h**2 - 5*h + 5. Let f(n) = -29*p(n) + 4*x(n). What is f(-1)?
29
Let y be -3 - 333/36 - 21/28. Let s(v) = -v**2 - 18*v - 24. Determine s(y).
41
Let j(g) be the third derivative of -g**5/60 - 7*g**4/24 - 8*g**3/3 - 6*g**2 + 79. Give j(-2).
-6
Let d(g) = -g**2 + 1. Let j(b) = 11*b - 5. Let r(k) = -2*d(k) + j(k). Let v be r(-8). Let x = 32 - v. Let y(p) = 4*p**3 - 1. Give y(x).
-5
Let x(g) = -5*g**3 - 5*g**3 - g + 2*g**3 - 2*g**3. Suppose 200 = -413*c - 213. Calculate x(c).
11
Let l(k) be the third derivative of k**4/4 - k**3/3 - 1461*k**2. Let n be (-5 + 1 - -3)/1. Determine l(n).
-8
Let n be ((-2)/(-5))/(40/300). Let q(r) = 9*r - 7*r - 6*r + n. What is q(-4)?
19
Let y(q) be the second derivative of -q**3 - 4*q**2 + 2*q + 1/12*q**4 + 20. Calculate y(8).
8
Let t(l) be the second derivative of l**2 + 7/2*l**3 + 0 + l**4 + 1/20*l**5 - 76*l. What is t(-10)?
-8
Let k(t) = 10*t**3 + 72 - 2*t**3 + 121*t**2 + 36*t - 7*t**3 - 71*t**2 - 88*t**2. Give k(37).
35
Let k(v) = v**3 + 68*v**2 + 36*v + 9. Let r(x) = x**3 + 87*x**2 + 45*x + 11. Let p(z) = -14*k(z) + 11*r(z). Calculate p(4).
-153
Suppose -2*v - 4 = -3*v + 3*p, p = v - 4. Suppose -24 = v*a - 8*a. Let k(q) be the first derivative of q**2/2 + 5*q - 5. What is k(a)?
11
Let u(f) be the third derivative of -f**6/120 + 7*f**5/60 - 3*f**4/8 + f**3/6 - 80*f**2 - 6. What is u(5)?
6
Let r(o) = -o**3 + 0*o**3 + 36*o**2 - 84*o**2 + 31 + 45*o**2. Calculate r(0).
31
Suppose 23 = -8*j + 55. Let v be (-6)/36*18/(-4)*j. Let c(s) = 3*s - 7. Determine c(v).
2
Let o(j) be the second derivative of j**4/3 - 3*j**3/2 - 3*j**2 - 577*j - 3. Determine o(5).
49
Suppose -4*w = -67 - 185. Let v = w + -61. Suppose -v*a = -3*a - 3*a. Let g(r) = -r + 3. Calculate g(a).
3
Let b(r) = 3*r**2 + r - 4. Let c be (1 + (-27)/(-6))*-2. Let d = -11 - c. Calculate b(d).
-4
Let n(j) = -j + 4. Suppose 174 = -25*w + 74. What is n(w)?
8
Let x(i) be the second derivative of -i**3 - 7*i**2/2 + i + 160. What is x(-15)?
83
Let c(q) be the third derivative of q**6/24 - q**5/30 - q**4/3 - q**3/2 + 230*q**2. Let o(k) = -k**3 + k + 1. Let i(y) = c(y) + 6*o(y). Calculate i(-3).
18
Let f = -1 - -1. Let m = f + 23. Suppose -10 = -5*x + v, 3*x - v - m = 3*v. Let c(q) = 8*q. Give c(x).
8
Suppose 3*l + j - 10 = -40, -5*l + j = 42. Let k be 14/42 + 48/l. Let d(c) = 3*c + 11. Calculate d(k).
-4
Let l be 2/(-6) + (-25)/(-3). Suppose -8 = -2*h - l. Let o(n) = -15*n**3 + 2*n + h*n + 2*n**2 + 14*n**3 - 3. Determine o(3).
-6
Let b(n) = -6*n + 2*n + 6 + 3*n. Let a(k) = -2*k**3 + 20*k**2 + 2*k - 19. Let d be a(10). Let q(j) = 1. Let y(o) = d*b(o) - 2*q(o). What is y(5)?
-1
Suppose 3*t - 14 = -y, 2*y - 6*y = -8. Suppose 6 = -t*r + r. Let u(j) = 2*j**2 + 4*j + 2. Calculate u(r).
2
Let y(i) = -431*i + 224. Let w(l) = 42*l - 22. Let x(k) = 62*w(k) + 6*y(k). Calculate x(5).
70
Let d(h) = -2188*h**2 + 12 - 15 + 2*h + 2205*h**2. Give d(1).
16
Let o(f) = 3*f**2 + 30*f - 428. Let t be o(8). Let k(l) = 130*l - 520. Give k(t).
0
Let c(q) be the second derivative of -20 - 3*q**2 - 1/2*q**3 - 2*q. Give c(-6).
12
Let q(u) = 5*u - 1. Let n(l) = -26*l + 11. Let z(d) = -n(d) - 5*q(d). Let j(t) = t**2 + 7*t + 8. Let p be j(-7). Give z(p).
2
Let p be (-5 - -2)*-1 + 5. Let k(j) be the second derivative of j**6/360 - 7*j**5/120 - 3*j**3/2 - 19*j. Let t(q) be the second derivative of k(q). Give t(p).
8
Let z(a) be the first derivative of -3*a**3 + 0*a + 4*a**2 + 89 + 1/4*a**4. Calculate z(8).
0
Let w(d) be the third derivative of -d**4/24 - d**3/6 - 4*d**2 - 4*d. Let i be -5*(36/5 + -2). Let k = -22 - i. Determine w(k).
-5
Let v(f) = f**2 + 6*f + 29. Let a be 4 + 0 - ((-4)/(-6))/((-18)/(-216)). Give v(a).
21
Let y be ((-5)/(-3) - 1) + 1736/168. Let d(n) = n - 62. What is d(y)?
-51
Let a be 36/20 - (-2)/10. Suppose a*y - 87 = -69. Let i(d) = -d**3 + 8*d**2 + 10*d - 16. Give i(y).
-7
Let a(m) be the second derivative of -m**5/20 - m**4/12 + 7*m**3/6 - 3*m**2 - m - 12. Calculate a(2).
-4
Let u(s) = -s**3 + 7*s**2 + 8*s + 17. Suppose -4*b = v - 32, 1029*v - 20 = -4*b + 1031*v. Calculate u(b).
73
Let z(p) = 32*p**3 - 19*p**2 - 12*p - 4. Let b(k) = 3*k**3 - 2*k**2 - k. Let f(j) = 11*b(j) - z(j). What is f(3)?
7
Let o(s) = 56*s - 2682. Let i be o(48). Let l(w) = -6*w + 6. Determine l(i).
-30
Let u(h) = -4*h - 5. Let q(y) = 6*y + 25. Let a(d) be the first derivative of d**2/2 + d - 13. Let w(n) = -5*a(n) + q(n). Let l be w(-24). What is u(l)?
11
Let d(v) = -v - 1. Suppose 14*y - 9*y = 6*y. Let c be d(y). Let t(p) = -3*p - 1. What is t(c)?
2
Let j(n) be the second derivative of -n**4/12 - 17*n**3/3 + 50*n**2 + 12*n + 50. Give j(-37).
-11
Let w(z) = -9*z + 11. Suppose -17*o + 4*l = -62, -3*l - 7 = o + 12. Give w(o).
-7
Let f be (-2)/(-18) + (-11 - 35/(-9)). Let m(l) = -2*l - 5. Give m(f).
9
Let i(z) be the first derivative of 2*z**2 + 23*z - 2601. Calculate i(-6).
-1
Let a(o) = 3*o**3 - 2*o**3 - 4*o**2 - 2 + 7*o**2. Let p = 15118 - 15120. Determine a(p).
2
Suppose 7*y - 98 + 70 = 0. Suppose 5*i + 5*u = -5, -5 = y*i + i - u. Let c(h) be the first derivative of -11*h**3/3 + h**2/2 + h - 1. Determine c(i).
-11
Let a = 32142 + -32138. Let d(k) = -25*k + 79. Calculate d(a).
-21
Let x(h) = -h**2 - 14*h + 2. Let d be x(-14). Suppose 5 + 3 = d*p. Let l(j) = -135*j**2 + 2*j - 137*j**2 + 2 - j**3 + 275*j**2. Determine l(p).
-6
Let p(n) = -5*n**3 + 3*n**2 - 11*n + 16. Let v(j) = -11*j**3 + 6*j**2 - 24*j + 34. Let h be (6/(-8))/(36/288). Let d(c) = h*v(c) + 13*p(c). Determine d(-4).
-16
Let g(m) = 2*m + 6. Let u be -20 + 18 + (9 - 2). Suppose 2*w - 10 = z, u*w + 4 = -3*z + 7. Calculate g(z).
-2
Let x(h) = 10*h - 38. Let f be x(6). Suppose -7*k - 64 + f = 0. Let j(i) = i**2 + 7*i + 1. Determine j(k).
-5
Let l(k) = -6*k**2 + 68*k + 109. Let c(f) = 4*f**2 - 35*f - 54. Let b(j) = -5*c(j) - 3*l(j). Let v be b(-12). Let u(x) = 0*x + 0 + 3*x - 1. What is u(v)?
8
Let l(i) = i - 20. Suppose 3*n - 67 = -5*b, 24 = 4*b + 7*n - 12*n. Suppose -b*c - 3 = -h - 14*c, 0 = -5*c + 5. What is l(h)?
-20
Let w be 1/13*(29 + 140). Let r(k) = 3*k - 24. What is r(w)?
15
Let r(s) = -s + 5. Let z(u) = u**3 - 5*u**2 - 6*u + 13. Let a be z(7). Let c = a + -21. Suppose -13 = 7*n - c. Give r(n).
0
Let n(m) = 3*m + 9. Suppose 0 = 4*u - 8, 4*u + 118 = 